actors of 1055945842?
2, 7, 373, 433, 467
List the prime factors of 23366763.
3, 7, 421, 881
What are the prime factors of 111886889?
111886889
List the prime factors of 604219605.
3, 5, 11, 31, 118127
What are the prime factors of 885016455?
3, 5, 59001097
List the prime factors of 927432626.
2, 67, 6921139
List the prime factors of 85322044.
2, 31, 239, 2879
What are the prime factors of 375912197?
375912197
What are the prime factors of 65551530?
2, 3, 5, 11, 198641
List the prime factors of 5011859608.
2, 7, 89497493
List the prime factors of 22272292.
2, 7, 877, 907
List the prime factors of 36885731.
36885731
List the prime factors of 27480661.
13, 29, 72893
List the prime factors of 45734416.
2, 7, 13, 101, 311
List the prime factors of 120905117.
349, 346433
List the prime factors of 34186955.
5, 11, 31, 20051
What are the prime factors of 454038998?
2, 7, 23, 201437
What are the prime factors of 1319520005?
5, 23, 11474087
What are the prime factors of 1012752786?
2, 3, 168792131
What are the prime factors of 21373587?
3, 41, 57923
List the prime factors of 1123336577.
11, 59, 1730873
List the prime factors of 33467999.
1973, 16963
What are the prime factors of 450754216?
2, 11, 701, 7307
List the prime factors of 122201475.
3, 5, 11, 148123
What are the prime factors of 388435188?
2, 3, 997, 32467
What are the prime factors of 51626037?
3, 2843, 6053
What are the prime factors of 2006624853?
3, 74319439
What are the prime factors of 78998758?
2, 59, 669481
What are the prime factors of 74121145?
5, 7, 2117747
List the prime factors of 1598380913.
1598380913
What are the prime factors of 3733746454?
2, 31, 6091, 9887
List the prime factors of 176188484.
2, 44047121
What are the prime factors of 97663220?
2, 5, 67, 72883
List the prime factors of 295825068.
2, 3, 7, 11, 35573
What are the prime factors of 691063641?
3, 2389, 32141
List the prime factors of 657605365.
5, 127, 1035599
What are the prime factors of 64637118?
2, 3, 7, 13, 39461
What are the prime factors of 2469901327?
257, 9610511
What are the prime factors of 1113926286?
2, 3, 11, 31, 461, 1181
What are the prime factors of 4876905742?
2, 7577, 321823
What are the prime factors of 484559933?
11, 13, 113, 157, 191
What are the prime factors of 42124303?
13, 233, 13907
What are the prime factors of 194997402?
2, 3, 3611063
What are the prime factors of 1205898682?
2, 602949341
What are the prime factors of 1119913649?
4919, 227671
List the prime factors of 262797674.
2, 347, 378671
What are the prime factors of 329935534?
2, 164967767
List the prime factors of 20432032.
2, 638501
What are the prime factors of 172016148?
2, 3, 31, 462409
What are the prime factors of 59598740?
2, 5, 31, 97, 991
List the prime factors of 1512436313.
6397, 236429
List the prime factors of 6104171.
6104171
What are the prime factors of 1332247651?
7, 257, 740549
What are the prime factors of 17452490?
2, 5, 11, 29, 5471
List the prime factors of 50140217.
29, 37, 83, 563
List the prime factors of 372025966.
2, 13, 19, 23, 137, 239
What are the prime factors of 269998989?
3, 13, 1667, 4153
List the prime factors of 496848574.
2, 43, 5777309
What are the prime factors of 670258763?
19, 35276777
List the prime factors of 415446164.
2, 7, 251, 59113
What are the prime factors of 440767708?
2, 2939, 37493
List the prime factors of 161546649.
3, 11, 887, 5519
List the prime factors of 148070587.
7, 1607, 13163
What are the prime factors of 578814567?
3, 29, 211, 31531
List the prime factors of 123010066.
2, 19, 3237107
List the prime factors of 802720951.
802720951
What are the prime factors of 46497949?
647, 71867
List the prime factors of 366851097.
3, 40761233
List the prime factors of 108491655.
3, 5, 127, 56951
List the prime factors of 2512501767.
3, 93055621
List the prime factors of 915614548.
2, 547, 418471
What are the prime factors of 458455295?
5, 91691059
What are the prime factors of 340000096?
2, 10625003
List the prime factors of 2990906684.
2, 747726671
List the prime factors of 57975921.
3, 31, 207799
List the prime factors of 439154019.
3, 23, 1109, 1913
List the prime factors of 5984754175.
5, 4297, 55711
List the prime factors of 1488889594.
2, 47, 15839251
What are the prime factors of 356146630?
2, 5, 7, 5087809
What are the prime factors of 2078090762?
2, 11, 19, 2081, 2389
What are the prime factors of 1651456195?
5, 809, 408271
List the prime factors of 575061054.
2, 3, 95843509
List the prime factors of 43283549.
691, 62639
What are the prime factors of 4919077102?
2, 20393, 120607
What are the prime factors of 2171497222?
2, 22307, 48673
What are the prime factors of 15404998?
2, 7, 1100357
What are the prime factors of 456119432?
2, 103, 553543
What are the prime factors of 1577785015?
5, 315557003
List the prime factors of 1175712155.
5, 235142431
List the prime factors of 109629265.
5, 21925853
List the prime factors of 49977159.
3, 683, 24391
List the prime factors of 154574875.
5, 7, 13, 107, 127
List the prime factors of 86114006.
2, 11, 521, 683
List the prime factors of 212034917.
2281, 92957
What are the prime factors of 393351919?
599, 656681
List the prime factors of 21754.
2, 73, 149
List the prime factors of 145779998.
2, 7, 13, 17, 53, 127
What are the prime factors of 52145787?
3, 17381929
List the prime factors of 1311848924.
2, 2477, 132403
What are the prime factors of 707423560?
2, 5, 17685589
What are the prime factors of 259231506?
2, 3, 43205251
What are the prime factors of 930286000?
2, 5, 7, 66449
What are the prime factors of 55029911?
2699, 20389
List the prime factors of 1609352325.
3, 5, 7, 61, 2393
List the prime factors of 1762884589.
5087, 346547
What are the prime factors of 21778454?
2, 10889227
What are the prime factors of 82839855?
3, 5, 7, 37, 21323
List the prime factors of 251615599.
347, 661, 1097
List the prime factors of 181613387.
59, 3078193
What are the prime factors of 252834146?
2, 126417073
What are the prime factors of 24314214?
2, 3, 97, 41777
What are the prime factors of 153602356?
2, 659, 58271
List the prime factors of 105432270.
2, 3, 5, 3514409
What are the prime factors of 307123692?
2, 3, 23, 89, 12503
What are the prime factors of 2246836335?
3, 5, 29, 103, 50147
What are the prime factors of 32614528?
2, 67, 3803
List the prime factors of 1010505208.
2, 53, 593, 4019
List the prime factors of 22603978.
2, 11301989
List the prime factors of 194386959.
3, 13, 17, 10859
List the prime factors of 25986556.
2, 31, 209569
List the prime factors of 5323918206.
2, 3, 18143, 48907
What are the prime factors of 1506485205?
3, 5, 19, 379, 4649
List the prime factors of 88439938.
2, 59, 73, 10267
List the prime factors of 31632400.
2, 5, 31, 2551
List the prime factors of 725394106.
2, 1193, 304021
List the prime factors of 219196290.
2, 3, 5, 7306543
List the prime factors of 5604061.
43, 53, 2459
List the prime factors of 102226358.
2, 13, 3931783
What are the prime factors of 169509103?
23, 7369961
What are the prime factors of 283836984?
2, 3, 71, 166571
What are the prime factors of 661752?
2, 3, 7, 13, 101
List the prime factors of 533717741.
7019, 76039
List the prime factors of 30183749.
37, 41, 101, 197
List the prime factors of 4699032155.
5, 277, 3392803
List the prime factors of 61534423.
157, 391939
What are the prime factors of 74293733?
79, 211, 4457
What are the prime factors of 262441214?
2, 7, 18745801
List the prime factors of 122126222.
2, 1481, 41231
List the prime factors of 6554516780.
2, 5, 7, 29, 1614413
List the prime factors of 194449085.
5, 38889817
List the prime factors of 263676713.
719, 366727
List the prime factors of 102980009.
11, 83, 149, 757
What are the prime factors of 16289888?
2, 23, 22133
What are the prime factors of 282731805?
3, 5, 6282929
List the prime factors of 404879910.
2, 3, 5, 421, 32057
List the prime factors of 499950411.
3, 7229, 23053
What are the prime factors of 3115366843?
547, 1051, 5419
What are the prime factors of 347455647?
3, 7, 11, 179, 2801
What are the prime factors of 224632087?
1321, 170047
What are the prime factors of 313105309?
11, 307, 92717
List the prime factors of 4531121.
7, 647303
What are the prime factors of 237649259?
237649259
What are 